{"id":1223,"date":"2016-03-17T15:36:38","date_gmt":"2016-03-17T13:36:38","guid":{"rendered":"http:\/\/inglitiib.eu\/harkujarve-kiriku-taastamise-selts\/?page_id=1223-old"},"modified":"2024-11-08T12:13:05","modified_gmt":"2024-11-08T10:13:05","slug":"ruumide-rent-ja-hinnakiri","status":"publish","type":"page","link":"https:\/\/inglitiib.eu\/harkujarve-kirik-ja-kogukonnakeskus\/ruumide-rent-ja-hinnakiri\/","title":{"rendered":"Ruumide rent ja hinnakiri"},"content":{"rendered":"<p><!--:et--><strong>Hinnakiri ruumide kasutamisel kogukonnakeskuses (kehtestatud HJ seltsi juhatuse otsusega)<\/strong><\/p>\n<table>\n<tbody>\n<tr>\n<td width=\"204\">Ruumi nimetus<\/td>\n<td width=\"204\">1h (1tund)<\/td>\n<td width=\"204\">P\u00e4ev (kuni 8 h)<\/td>\n<\/tr>\n<tr>\n<td width=\"204\">\u00dclemine suur saal<\/td>\n<td width=\"204\">50\u20ac<\/td>\n<td width=\"204\">200\u20ac<\/td>\n<\/tr>\n<tr>\n<td width=\"204\">R\u00f5duruum<\/td>\n<td width=\"204\">20\u20ac<\/td>\n<td width=\"204\">60\u20ac<\/td>\n<\/tr>\n<tr>\n<td width=\"204\">Alumine suur saal koos lava ja garderoobi kasutamisega (sh pliit ja toidun\u00f5ud)<\/td>\n<td width=\"204\">30\u20ac<\/td>\n<td width=\"204\">150\u20ac<\/td>\n<\/tr>\n<tr>\n<td width=\"204\">Lavaruum (koos publikuosa istekohtadega v\u00f5i ilma, pliit ja toidun\u00f5ud)<\/td>\n<td width=\"204\">20\u20ac<\/td>\n<td width=\"204\"><\/td>\n<\/tr>\n<tr>\n<td width=\"204\">\u00d5ppeklass<\/td>\n<td width=\"204\">30\u20ac<\/td>\n<td width=\"204\">70\u20ac<\/td>\n<\/tr>\n<\/tbody>\n<\/table>\n<p>K\u00f6\u00f6k<\/p>\n<p>1h\u00a0 \u00a0 \u00a0 \u00a0 \u00a0 \u00a0 \u00a0 30\u20ac\u00a0 \u00a0 \u00a0 \u00a0 \u00a0 \u00a0 \u00a0 \u00a0 \u00a0 \u00a0 \u00a0 \u00a0 \u00a0 \u00a0 \u00a0 \u00a0 \u00a0 \u00a0 \u00a0 \u00a0 \u00a0 \u00a0 \u00a0 \u00a0 \u00a0 \u00a0 \u00a0 \u00a0 \u00a0 \u00a0 \u00a0 \u00a0 \u00a0 \u00a0 \u00a0 \u00a0 \u00a0 \u00a0 \u00a0 \u00a0 \u00a0 \u00a0 \u00a0 \u00a0 \u00a0 \u00a0 \u00a0 \u00a0 \u00a0 \u00a0 \u00a0 \u00a0 \u00a0 \u00a0 \u00a0 \u00a0 \u00a0 \u00a0 \u00a0 \u00a0 \u00a0 \u00a0 \u00a0 \u00a0 \u00a0 \u00a0 \u00a0 \u00a0 \u00a0 \u00a0 \u00a0 \u00a0 \u00a0 P\u00e4ev (8h)\u00a0 \u00a050\u20ac<\/p>\n<p>Alates 2020 s\u00fcgisest on v\u00f5imalik kirikusse ehitatud elamistubades ka \u00f6\u00f6bida.<\/p>\n<p>\u00dcks \u00f6\u00f6 30\u20ac,\u00a0 n\u00e4dal aega 120\u20ac ja kuu aega 250\u20ac<\/p>\n<p>\u00d6\u00f6bijate kasutada on ka dushiruum ja k\u00f6\u00f6k.\u00a0 \u00a0Pesuvahendid tasuta, pesumasin 5 eurot kord.<\/p>\n<p>T\u00e4iendavad tingimused:<\/p>\n<ol>\n<li>Ruumide kasutamine ning s\u00fcndmuste toimumise aeg lepitakse kokku arendusjuhiga<\/li>\n<li>Lepingupartneritele, koguduse ja\/v\u00f5i seltsi liikmetele kohaldatakse hinnaalandust 20%<\/li>\n<li>Ruumide kasutaja annab ruumid ja sisustuse \u00fcle sama heas korras kui vastu v\u00f5ttis<\/li>\n<li>Oma pr\u00fcgi asetab kasutaja pr\u00fcgikastidesse v\u00f5i kilekottidesse<\/li>\n<li>Kasutatud n\u00f5ud antakse \u00fcle tervelt ja puhtalt<\/li>\n<li>Kasutaja poolt tekitatud kahju kuulub h\u00fcvitamisele (esemete maksumus miinus 30% amortisatsiooni)<\/li>\n<li>Ruumide kasutamisel s\u00fcndmuste t\u00e4histamisel, koolituste l\u00e4biviimisteks v\u00f5i treeninguteks on kasutajal \u00f5igus kasutada joogiaparaati, sanitaarruume ja h\u00fcgieenivahendeid, toidun\u00f5usid ja pliiti<\/li>\n<li>Broneerides ruume telefoni v\u00f5i e-posti teel, peate arvel n\u00e4idatud ajaks tasuma renditasu.<\/li>\n<li>Broneerimistasu saate tasuda kas \u00fclekandega v\u00f5i sularahas kohapeal.<\/li>\n<li>\u00dclekandega tasumisel m\u00e4rkida arve number.<\/li>\n<li>Kui renditasu ei ole laekunud arvel n\u00e4idatud ajaks, muutub broneering kehtetuks ja l\u00e4heb edasi j\u00e4rgmisele rentnikule.<\/li>\n<li>Broneeringu eest vastutav inimene peab olema v\u00e4hemalt 21 aastane.<\/li>\n<\/ol>\n<p><!--:--><\/p>\n","protected":false},"excerpt":{"rendered":"<p>Hinnakiri ruumide kasutamisel kogukonnakeskuses (kehtestatud HJ seltsi juhatuse otsusega) Ruumi nimetus 1h (1tund) P\u00e4ev (kuni 8 h) \u00dclemine suur saal 50\u20ac 200\u20ac R\u00f5duruum 20\u20ac 60\u20ac Alumine suur saal koos lava ja garderoobi kasutamisega (sh pliit ja toidun\u00f5ud) 30\u20ac 150\u20ac Lavaruum (koos publikuosa istekohtadega v\u00f5i ilma, pliit ja toidun\u00f5ud) 20\u20ac \u00d5ppeklass 30\u20ac 70\u20ac K\u00f6\u00f6k 1h\u00a0 \u00a0&hellip; <br \/> <a class=\"read-more\" href=\"https:\/\/inglitiib.eu\/harkujarve-kirik-ja-kogukonnakeskus\/ruumide-rent-ja-hinnakiri\/\">Read more<\/a><\/p>\n","protected":false},"author":7,"featured_media":0,"parent":0,"menu_order":0,"comment_status":"closed","ping_status":"closed","template":"","meta":{"cybocfi_hide_featured_image":"","footnotes":""},"class_list":["post-1223","page","type-page","status-publish","hentry"],"_links":{"self":[{"href":"https:\/\/inglitiib.eu\/harkujarve-kirik-ja-kogukonnakeskus\/wp-json\/wp\/v2\/pages\/1223","targetHints":{"allow":["GET"]}}],"collection":[{"href":"https:\/\/inglitiib.eu\/harkujarve-kirik-ja-kogukonnakeskus\/wp-json\/wp\/v2\/pages"}],"about":[{"href":"https:\/\/inglitiib.eu\/harkujarve-kirik-ja-kogukonnakeskus\/wp-json\/wp\/v2\/types\/page"}],"author":[{"embeddable":true,"href":"https:\/\/inglitiib.eu\/harkujarve-kirik-ja-kogukonnakeskus\/wp-json\/wp\/v2\/users\/7"}],"replies":[{"embeddable":true,"href":"https:\/\/inglitiib.eu\/harkujarve-kirik-ja-kogukonnakeskus\/wp-json\/wp\/v2\/comments?post=1223"}],"version-history":[{"count":5,"href":"https:\/\/inglitiib.eu\/harkujarve-kirik-ja-kogukonnakeskus\/wp-json\/wp\/v2\/pages\/1223\/revisions"}],"predecessor-version":[{"id":2406,"href":"https:\/\/inglitiib.eu\/harkujarve-kirik-ja-kogukonnakeskus\/wp-json\/wp\/v2\/pages\/1223\/revisions\/2406"}],"wp:attachment":[{"href":"https:\/\/inglitiib.eu\/harkujarve-kirik-ja-kogukonnakeskus\/wp-json\/wp\/v2\/media?parent=1223"}],"curies":[{"name":"wp","href":"https:\/\/api.w.org\/{rel}","templated":true}]}}