{"id":1477,"date":"2020-08-20T14:24:39","date_gmt":"2020-08-20T11:24:39","guid":{"rendered":"http:\/\/inglitiib.eu\/harkujarve-kiriku-taastamise-selts\/?page_id=1477-old"},"modified":"2026-02-17T15:42:11","modified_gmt":"2026-02-17T13:42:11","slug":"kogudus","status":"publish","type":"page","link":"https:\/\/inglitiib.eu\/harkujarve-kirik-ja-kogukonnakeskus\/kogudus\/","title":{"rendered":"Harkuj\u00e4rve Kogudus"},"content":{"rendered":"\n<ol start=\"27\" class=\"wp-block-list\">\n<li>veebruaril, 2018 asutati EELK Harkuj\u00e4rve kogudus. Asutamiskoosolekul, mida juhtis praost Jaan Tammsalu, valiti kogudusele juhatus ja n\u00f5ukogu, saadikud praostkonna sinodile ja revisjon. <\/li>\n<\/ol>\n\n\n\n<figure class=\"wp-block-gallery has-nested-images columns-default is-cropped wp-block-gallery-1 is-layout-flex wp-block-gallery-is-layout-flex\"><\/figure>\n\n\n\n<p><\/p>\n\n\n\n<p><strong>Juhatus:<\/strong><\/p>\n\n\n\n<p>Risto Abel (juhatuse esimees)<br>Merle Krigul<br>Remet Rander<br>Avo \u00dcprus (koguduse \u00f5petaja)<br><\/p>\n\n\n\n<p><strong>Harkuj\u00e4rve koguduse n\u00f5ukogu liikmed:<br><\/strong><br>Toomas Ots,<br>Simmo Kerem,<br>Keili Rander,<br>Risto Abel,<br>Merle Seeder,<br>Eva \u00dcprus,<br>Sirje Semm,<br>Avo \u00dcprus,<br>Eduard M\u00e4gi,<br>Erik Sandla.<\/p>\n\n\n\n<p><a href=\"http:\/\/www.eelk.ee\/et\/uudised\/kirik-kasvas-taas-asutati-harkujarve-kogudus\/\">www.eelk.ee\/et\/uudised\/kirik-kasvas-taas-asutati-harkujarve-kogudus\/<\/a><\/p>\n","protected":false},"excerpt":{"rendered":"<p>Juhatus: Risto Abel (juhatuse esimees)Merle KrigulRemet RanderAvo \u00dcprus (koguduse \u00f5petaja) Harkuj\u00e4rve koguduse n\u00f5ukogu liikmed:Toomas Ots,Simmo Kerem,Keili Rander,Risto Abel,Merle Seeder,Eva \u00dcprus,Sirje Semm,Avo \u00dcprus,Eduard M\u00e4gi,Erik Sandla. www.eelk.ee\/et\/uudised\/kirik-kasvas-taas-asutati-harkujarve-kogudus\/<\/p>\n","protected":false},"author":7,"featured_media":0,"parent":0,"menu_order":0,"comment_status":"closed","ping_status":"closed","template":"","meta":{"cybocfi_hide_featured_image":"","footnotes":""},"class_list":["post-1477","page","type-page","status-publish","hentry"],"_links":{"self":[{"href":"https:\/\/inglitiib.eu\/harkujarve-kirik-ja-kogukonnakeskus\/wp-json\/wp\/v2\/pages\/1477","targetHints":{"allow":["GET"]}}],"collection":[{"href":"https:\/\/inglitiib.eu\/harkujarve-kirik-ja-kogukonnakeskus\/wp-json\/wp\/v2\/pages"}],"about":[{"href":"https:\/\/inglitiib.eu\/harkujarve-kirik-ja-kogukonnakeskus\/wp-json\/wp\/v2\/types\/page"}],"author":[{"embeddable":true,"href":"https:\/\/inglitiib.eu\/harkujarve-kirik-ja-kogukonnakeskus\/wp-json\/wp\/v2\/users\/7"}],"replies":[{"embeddable":true,"href":"https:\/\/inglitiib.eu\/harkujarve-kirik-ja-kogukonnakeskus\/wp-json\/wp\/v2\/comments?post=1477"}],"version-history":[{"count":4,"href":"https:\/\/inglitiib.eu\/harkujarve-kirik-ja-kogukonnakeskus\/wp-json\/wp\/v2\/pages\/1477\/revisions"}],"predecessor-version":[{"id":2461,"href":"https:\/\/inglitiib.eu\/harkujarve-kirik-ja-kogukonnakeskus\/wp-json\/wp\/v2\/pages\/1477\/revisions\/2461"}],"wp:attachment":[{"href":"https:\/\/inglitiib.eu\/harkujarve-kirik-ja-kogukonnakeskus\/wp-json\/wp\/v2\/media?parent=1477"}],"curies":[{"name":"wp","href":"https:\/\/api.w.org\/{rel}","templated":true}]}}