{"id":1536,"date":"2020-09-01T22:50:20","date_gmt":"2020-09-01T19:50:20","guid":{"rendered":"http:\/\/inglitiib.eu\/harkujarve-kiriku-taastamise-selts\/?page_id=1536-old"},"modified":"2024-11-08T11:55:20","modified_gmt":"2024-11-08T09:55:20","slug":"harkujarve-kogukonnakeskuse-pohikiri","status":"publish","type":"page","link":"https:\/\/inglitiib.eu\/harkujarve-kirik-ja-kogukonnakeskus\/harkujarve-kogukonnakeskuse-pohikiri\/","title":{"rendered":"Harkuj\u00e4rve Kogukonnakeskuse                     P\u00d5HIKIRI"},"content":{"rendered":"\n<div class=\"wp-block-themeisle-blocks-advanced-columns has-1-columns has-desktop-equal-layout has-tablet-equal-layout has-mobile-equal-layout has-default-gap has-vertical-unset\" id=\"wp-block-themeisle-blocks-advanced-columns-e9d42f7f\" style=\"border-width:0px;border-style:solid;border-color:#000000;border-radius:0px;justify-content:unset\"><div class=\"wp-themeisle-block-overlay\" style=\"opacity:0.5;mix-blend-mode:normal\"><\/div><div class=\"innerblocks-wrap\">\n<div class=\"wp-block-themeisle-blocks-advanced-column\" id=\"wp-block-themeisle-blocks-advanced-column-fe6ef189\" style=\"border-width:0px;border-style:solid;border-color:#000000;border-radius:0px\">\n<p>Mittetulundus\u00fchingu Harkuj\u00e4rve Kogukonnakeskus                     P\u00d5HIKIRI<br>\nI \u00dcLDS\u00c4TTED<br>\n        1.1 Mittetulundus\u00fching nimetusega Harkuj\u00e4rve Kogukonnakeskus (edaspidi: \u00dching) on vabatahtlikkuse alusel \u00fchinenud juriidiliste ja f\u00fc\u00fcsiliste isikute iseseisev kasumit mitte taotlev organisatsioon, mis tegutseb avalikes huvides, hoolivuse, kaasamise ja osalemise p\u00f5him\u00f5ttel. \u00dchingu juhatuse asukohaks on Eesti Vabariik, Tallinn. Oma tegevuses juhindub \u00fching Eesti Vabariigi seadusandlusest ja k\u00e4esolevast p\u00f5hikirjast.<br>\n        1.2 Harkuj\u00e4rve Kogukonnakeskuse asutamine toimus Mittetulundus\u00fchingu Harkuj\u00e4rve Kiriku Taastamise seltsi (asutatud) \u00fcldkoosoleku otsusega eesm\u00e4rkide t\u00e4itmisest ja edasise tegevuse kavandamisest ning \u00fcmber organiseerumisest Harkuj\u00e4rve  Kogukonnakeskuseks 20. augustil 2020 seoses seltsi eesm\u00e4rkide t\u00e4itmisega. Seltsi eesm\u00e4rgiks oli Aino J\u00e4rvesoo m\u00e4lestuse j\u00e4\u00e4dvustamine ning Harkuj\u00e4rve k\u00fclas paikneva kirikuhoone renoveerimine ning kasutusele v\u00f5tmine kogukonnakeskusena.<br>\n        1.3 \u00dching ei jaga oma vara v\u00f5i tulu ega anna materiaalset abi v\u00f5i rahaliselt hinnatavaid soodustusi oma asutajatele, liikmele, juhtimis- v\u00f5i kontrollorgani liikmele, temale annetusi teinud isikule v\u00f5i sellise isiku juhtimis- v\u00f5i kontrollorgani liikmele ega nimetatud isikutega seotud isikutele.<br>\n        1.4 Keskuse asutajate visiooniks on aktiivne kultuurielu kodukandis, \u00fchistegevusteks v\u00f5imekas sidus ja turvaline kogukond ning elanikele vajalike teenuste k\u00e4ttesaadavus. Kogukonnas p\u00f6\u00f6ratakse t\u00e4helepanu nii v\u00f5imekatele kui erivajaduste ning n\u00f5rgema toimetulekuv\u00f5imega isikutele. Aino J\u00e4rvesoo m\u00e4lestus on hoitud ja v\u00e4\u00e4rtustatud.<br>\n        1.5 Peamine eesm\u00e4rk: vastates kogukonna vajadustele ollakse vajalik.<br>\n        1.6 Keskuse meeskond realiseerib oma visiooni ja eesm\u00e4rgid l\u00e4bi j\u00e4rgmiste tegevuste:<br>\n    a) kodukandi kultuurielu arendamine ja hoidmine, \u00fchistegevuste korraldamine, kohaliku elu arendamine ja koordineerimine ja loome ning koost\u00f6\u00f6v\u00f5imaluste pakkumine<br>\n    b) Aino J\u00e4rvesoo p\u00e4randi hoidmine ja eksponeerimine<br>\n    c) sotsial- ja kogukonnateenuste pakkumine<br>\n    d) vabaajategevuste korraldamine<br>\n    e) ruumide kasutusse andmine teistele vaba\u00fchendustele<br>\n    f) lisavahendite hankimine, hangetes ja konkurssides osalemine<br>\n    g) vajadusel stipendiumite maksmine<br>\n    h) majutamine ja turismiinfo jagamine<br>\n    i) koolitustegevus mittelitsentseeritud mahus<br>\n    j) muud tegevused<br>\nII Keskuse liikmeks vastuv\u00f5tmise ning kooseisust v\u00e4ljaastumise ning v\u00e4ljaarvamise tingimused ja kord<br>\n2.1. \u00dchingu liikmeks vastuv\u00f5tmist v\u00f5ib taotleda iga isik, kes soovib arendada \u00fchingu eesm\u00e4rkidega koosk\u00f5las olevat tegevust, esitades \u00fchingu juhatusele avalduse, millega kohustub t\u00e4itma k\u00e4esolevat  p\u00f5hikirja ja tasub \u00fcldkoosoleku poolt kinnitatud sisseastumis- ja liikmemaksu.<br>\n2.2. \u00dchingu liikmeks vastuv\u00f5tmise otsustab juhatus v\u00f5i p\u00f5hikirja punktis 2.6 toodud juhul \u00fcldkoosolek.<br>\n2.3. \u00dchingust v\u00e4ljaastumiseks esitab liige juhatusele kirjaliku avalduse. Seltsist saab v\u00e4lja astuda ainult majandusaasta l\u00f5pul. Seltsi juhatus kustutab p\u00e4rast k\u00e4esolevas punktis toodud t\u00e4htaja m\u00f6\u00f6dumist seltsist v\u00e4ljaastunu seltsi liikmete nimekirjast.<br>\n2.4. \u00dchingu liikme v\u00f5ib seltsist v\u00e4lja arvata juhatuse otsusega, kui:<br>\na) liige ei ole majandusaasta l\u00f5puks tasunud liikmemaksu;<br>\nb) ei ole viimase aasta jooksul osalenud \u00fchelgi \u00fchingu \u00fcldkoosolekul v\u00f5i keskuse poolt korraldatud \u00fcritusel;<br>\nc) k\u00e4itub v\u00e4\u00e4ritult v\u00f5i \u00fchingu huve kahjustavalt.<br>\n2.5. \u00dchingu liikme v\u00e4ljaarvamise otsustab juhatus oma koosolekul, teatades selle k\u00fcsimuse arutelust v\u00e4ljaarvatavale liikmele kirjalikult v\u00e4hemalt 2 n\u00e4dalat enne koosoleku toimumist. Liikmel on \u00f5igus osaleda s\u00f5na\u00f5igusega oma v\u00e4ljaarvamise k\u00fcsimuse arutamisel. Liikme v\u00e4ljaarvamise otsus on langetatud, kui selle poolt on 2\/3 juhatuse liikmetest.<br>\n2.6. \u00dchingu juhatuse poolt v\u00e4ljaarvatud liikmel on \u00f5igus n\u00f5uda v\u00e4ljaarvamise k\u00fcsimuse otsustamist v\u00e4ljaarvamisele j\u00e4rgneval \u00fcldkoosolekul.<br>\nIII. Liikmete \u00f5igused ja kohustused<br>\n3.1. \u00dchingu liikmetel on \u00f5igus:<br>\na) osaleda h\u00e4\u00e4le\u00f5igusega \u00fchingu \u00fcldkoosolekul<br>\nb) olla valitud \u00fchingu juhatuse, (n\u00f5ukogu), (revisjonikomisjoni) ja muude organite liikmeks;<br>\nc) saada \u00fchingu juhatuselt ja muudelt organitelt teavet \u00fchingu tegevuse kohta <br>\n3.2. \u00dchingu liige on kohustatud:<br>\na) j\u00e4rgima \u00fchingu tegevuses osaledes p\u00f5hikirja ja vastuv\u00f5etud otsuseid;<br>\nb) tasuma \u00fcldkoosoleku poolt m\u00e4\u00e4ratud t\u00e4htajaks liikmemaksu;<br>\nc) teatama \u00fchingu juhatusele liikmearvestuse pidamiseks oma elu- v\u00f5i tegevuskoha ja aadressi ning isiku- v\u00f5i registrikoodi ning teatama uued andmed hiljemalt 2 kuu jooksul p\u00e4rast nende muutumist; <br>\nd) tasuma liikmemaksu jooksva aasta eest ka siis, kui ta liikmelisus l\u00f5peb aasta kestel<br>\n3.3. Liikmemaksule ja sisseastumismaksule t\u00e4iendavaid varalisi kohustusi v\u00f5ib \u00fchingu liikmele panna ainult vastastikkusel kokkuleppel.<br>\nIV. \u00dcldkoosolek<br>\n4.1. \u00dchingu k\u00f5rgeimaks organiks on \u00fchingu \u00fcldkoosolek, milles on igal liikmel \u00fcks h\u00e4\u00e4l. <br>\n4.2. \u00dchingu \u00fcldkoosoleku p\u00e4devuses on:<br>\na) p\u00f5hikirja muutmine<br>\nb) eesm\u00e4rgi muutmine<br>\nc) juhatuse liikmete m\u00e4\u00e4ramine<br>\nd) juhatuse v\u00f5i muu organi liikmega tehingu tegemise v\u00f5i tema vastu n\u00f5ude esitamise otsustamine ja selles tehingus v\u00f5i n\u00f5udes seltsi esindaja m\u00e4\u00e4ramine<br>\ne) \u00fchingule kuuluvate kinnisasjade ja registrisse kantavate vallasasjade v\u00f5\u00f5randamise ja asja\u00f5igustega koormamise otsustamine ja tingimuste m\u00e4\u00e4ramine nimetatud tehinguteks<br>\ne) muude k\u00fcsimuste otsustamine, mida ei ole seaduse v\u00f5i p\u00f5hikirjaga antud teiste organite p\u00e4devusse<br>\n4.3. \u00dchingu \u00fcldkoosoleku kutsub kokku juhatus:<br>\na) aastaaruande kinnitamiseks<br>\nb) juhul, kui seda n\u00f5uab kirjalikult ja p\u00f5hjust \u00e4ra n\u00e4idates v\u00e4hemalt 1\/10 \u00fchingu liikmetest <br>\nc) muudel juhtudel, kui \u00fchingu huvid seda n\u00f5uavad.<br>\n4.4. \u00dcldkoosoleku kokkukutsumiseks saadab \u00fchingu juhatus v\u00e4hemalt 7 p\u00e4eva enne \u00fcldkoosoleku toimumist igale \u00fchingu liikmele samasisulise kirjaliku teate.<br>\n4.5. \u00dcldkoosolek on otsustusv\u00f5imeline, kui sellel osaleb v\u00f5i on esindatud \u00fcle poole \u00fchingu liikmetest. <br>\n4.6.\u00dcldkoosoleku otsus on vastu v\u00f5etud, kui selle poolt on \u00fcle poole koosolekul osalenud \u00fchingu liikmetest ja p\u00f5hikiri v\u00f5i seadus ei n\u00e4e ette suurema h\u00e4\u00e4lteenamuse n\u00f5uet. <br>\n4.7. \u00dchingu p\u00f5hikirja muutmiseks on vajalik \u00fcldkoosoleku 2\/3 h\u00e4\u00e4lteenamus ja eesm\u00e4rgi muutmiseks on vajalik k\u00f5igi liikmete n\u00f5usolek.<br>\nV. Juhatus<br>\n5.1.\u00dchingu tegevust juhib ja seda esindab juhatus, milles on 1-3  liiget, juhatust juhib juhatuse esimees.<br>\n5.2. Juhatuse liikmed m\u00e4\u00e4rab \u00fcldkoosolek ametisse kolmeks aastaks.<br>\n5.3. Juhatus esindab \u00fchingut k\u00f5igis \u00f5igustoimingutes.<br>\n5.4. \u00dchingu vara pantimiseks ja\/v\u00f5i v\u00f5\u00f5randamiseks teostatavate tehingute sooritamiseks peab juhatus saama eelneva n\u00f5usoleku \u00fcldkoosolekult.<br>\n5.5. Juhatuse otsuse langetamiseks on vajalik juhatuse liikmete poolth\u00e4\u00e4lteenamus.<\/p>\n\n\n\n<p>VI. \u00dchinemine. Jagunemine. Likvideerimine.<br> 6.1. \u00dchingu \u00fchinemine, jagunemine ja likvideerimine toimuvad seaduses s\u00e4testatud korras.<br> 6.2. \u00dchingu likvideerijateks on juhatuse liikmed v\u00f5i \u00fcldkoosoleku poolt m\u00e4\u00e4ratud isikud.<br> 6.3. \u00dchingu likvideerimisel l\u00e4heb \u00fchingu vara tulumaksusoodustusega mittetulundus\u00fchingute ja sihtasutuste nimekirja kantud sarnaste eesm\u00e4rkidega juriidilisele isikule.<br><\/p>\n\n\n\n<p>\u00a0<br><\/p>\n<\/div>\n<\/div><\/div>\n","protected":false},"excerpt":{"rendered":"","protected":false},"author":7,"featured_media":0,"parent":0,"menu_order":0,"comment_status":"closed","ping_status":"closed","template":"","meta":{"cybocfi_hide_featured_image":"","footnotes":""},"class_list":["post-1536","page","type-page","status-publish","hentry"],"_links":{"self":[{"href":"https:\/\/inglitiib.eu\/harkujarve-kirik-ja-kogukonnakeskus\/wp-json\/wp\/v2\/pages\/1536","targetHints":{"allow":["GET"]}}],"collection":[{"href":"https:\/\/inglitiib.eu\/harkujarve-kirik-ja-kogukonnakeskus\/wp-json\/wp\/v2\/pages"}],"about":[{"href":"https:\/\/inglitiib.eu\/harkujarve-kirik-ja-kogukonnakeskus\/wp-json\/wp\/v2\/types\/page"}],"author":[{"embeddable":true,"href":"https:\/\/inglitiib.eu\/harkujarve-kirik-ja-kogukonnakeskus\/wp-json\/wp\/v2\/users\/7"}],"replies":[{"embeddable":true,"href":"https:\/\/inglitiib.eu\/harkujarve-kirik-ja-kogukonnakeskus\/wp-json\/wp\/v2\/comments?post=1536"}],"version-history":[{"count":2,"href":"https:\/\/inglitiib.eu\/harkujarve-kirik-ja-kogukonnakeskus\/wp-json\/wp\/v2\/pages\/1536\/revisions"}],"predecessor-version":[{"id":2179,"href":"https:\/\/inglitiib.eu\/harkujarve-kirik-ja-kogukonnakeskus\/wp-json\/wp\/v2\/pages\/1536\/revisions\/2179"}],"wp:attachment":[{"href":"https:\/\/inglitiib.eu\/harkujarve-kirik-ja-kogukonnakeskus\/wp-json\/wp\/v2\/media?parent=1536"}],"curies":[{"name":"wp","href":"https:\/\/api.w.org\/{rel}","templated":true}]}}