{"id":2449,"date":"2026-01-16T14:23:16","date_gmt":"2026-01-16T12:23:16","guid":{"rendered":"https:\/\/inglitiib.eu\/harkujarve-kirik-ja-kogukonnakeskus\/?page_id=2449"},"modified":"2026-01-16T14:23:16","modified_gmt":"2026-01-16T12:23:16","slug":"noukogu","status":"publish","type":"page","link":"https:\/\/inglitiib.eu\/harkujarve-kirik-ja-kogukonnakeskus\/noukogu\/","title":{"rendered":"N\u00f5ukogu"},"content":{"rendered":"\n<p>Harkuj\u00e4rve koguduse n\u00f5ukogu liikmed:<br><br>Toomas Ots, <\/p>\n\n\n\n<p>Simmo Kerem, <\/p>\n\n\n\n<p>Keili Rander, <\/p>\n\n\n\n<p>Risto Abel, <\/p>\n\n\n\n<p>Merle Seeder, <\/p>\n\n\n\n<p>Eva \u00dcprus, <\/p>\n\n\n\n<p>Sirje Semm, <\/p>\n\n\n\n<p>Avo \u00dcprus, <\/p>\n\n\n\n<p>Eduard M\u00e4gi, <\/p>\n\n\n\n<p>Erik Sandla.<\/p>\n","protected":false},"excerpt":{"rendered":"<p>Harkuj\u00e4rve koguduse n\u00f5ukogu liikmed: Toomas Ots, Simmo Kerem, Keili Rander, Risto Abel, Merle Seeder, Eva \u00dcprus, Sirje Semm, Avo \u00dcprus, Eduard M\u00e4gi, Erik Sandla.<\/p>\n","protected":false},"author":7,"featured_media":0,"parent":0,"menu_order":0,"comment_status":"closed","ping_status":"closed","template":"","meta":{"cybocfi_hide_featured_image":"","footnotes":""},"class_list":["post-2449","page","type-page","status-publish","hentry"],"_links":{"self":[{"href":"https:\/\/inglitiib.eu\/harkujarve-kirik-ja-kogukonnakeskus\/wp-json\/wp\/v2\/pages\/2449","targetHints":{"allow":["GET"]}}],"collection":[{"href":"https:\/\/inglitiib.eu\/harkujarve-kirik-ja-kogukonnakeskus\/wp-json\/wp\/v2\/pages"}],"about":[{"href":"https:\/\/inglitiib.eu\/harkujarve-kirik-ja-kogukonnakeskus\/wp-json\/wp\/v2\/types\/page"}],"author":[{"embeddable":true,"href":"https:\/\/inglitiib.eu\/harkujarve-kirik-ja-kogukonnakeskus\/wp-json\/wp\/v2\/users\/7"}],"replies":[{"embeddable":true,"href":"https:\/\/inglitiib.eu\/harkujarve-kirik-ja-kogukonnakeskus\/wp-json\/wp\/v2\/comments?post=2449"}],"version-history":[{"count":1,"href":"https:\/\/inglitiib.eu\/harkujarve-kirik-ja-kogukonnakeskus\/wp-json\/wp\/v2\/pages\/2449\/revisions"}],"predecessor-version":[{"id":2450,"href":"https:\/\/inglitiib.eu\/harkujarve-kirik-ja-kogukonnakeskus\/wp-json\/wp\/v2\/pages\/2449\/revisions\/2450"}],"wp:attachment":[{"href":"https:\/\/inglitiib.eu\/harkujarve-kirik-ja-kogukonnakeskus\/wp-json\/wp\/v2\/media?parent=2449"}],"curies":[{"name":"wp","href":"https:\/\/api.w.org\/{rel}","templated":true}]}}