{"id":8,"date":"2017-11-24T15:09:28","date_gmt":"2017-11-24T15:09:28","guid":{"rendered":"http:\/\/extendthemes.com\/mesmerize\/demos\/demo7\/mesmerize-pro\/"},"modified":"2026-02-27T18:55:48","modified_gmt":"2026-02-27T16:55:48","slug":"mesmerize-pro","status":"publish","type":"page","link":"https:\/\/inglitiib.eu\/harkujarve-kirik-ja-kogukonnakeskus\/","title":{"rendered":"Welcome"},"content":{"rendered":"<div  data-label=\"About\" data-id=\"about-4\" data-export-id=\"about-4\" data-category=\"about\" class=\"about-4 content-section content-section-spacing content-relative\" id=\"about-5\" style=\"background-color: #ffffff; background-image: none;\">\n<div  class=\"gridContainer\">\n<div  class=\"row middle-sm text-center\">\n<div  class=\"col-sm-5 space-bottom-xs\" data-type=\"column\">\n<h5  class=\"\">Meist<\/h5>\n<h2  class=\"\"><span  style=\"font-family: Playfair Display, sans-serif; font-weight: bold; font-style: italic;\" href=\"#\"><span  style=\"font-weight: 600;\">Laste<\/span>\u2013 <span  style=\"font-weight: 200;\">ja <\/span><span  style=\"font-weight: 600;\">perede <\/span><span  style=\"font-weight: 300;\">kirik<\/span><\/span><\/h2>\n<p  class=\"\">J\u00e4\u00e4des truuks meie kiriku rajaja Aino J\u00e4rvesoo visioonile ja unistusele on \u00fcks meie peamiseid suundi t\u00f6\u00f6 laste ja peredega.<\/p>\n\n<a  class=\"button color1\" href=\"https:\/\/inglitiib.eu\/harkujarve-kirik-ja-kogukonnakeskus\/about\" target=\"_self\" data-icon=\"\" rel=\"noopener\" data-cp-link=\"1\"> Loe l\u00e4hemalt <\/a><\/div>\n<div  class=\"col-sm-7 flexbox center-xs middle-xs image-group-2-img\"><img  decoding=\"async\" class=\"img-1 shadow-large\" data-size=\"250x200\" src=\"https:\/\/inglitiib.eu\/harkujarve-kirik-ja-kogukonnakeskus\/wp-content\/uploads\/2023\/11\/cropped-F-33-scaled-2.jpg\" title=\"F-33\" alt=\"\"> <img  decoding=\"async\" class=\"img-2 shadow-large\" data-size=\"220x170\" src=\"https:\/\/inglitiib.eu\/harkujarve-kirik-ja-kogukonnakeskus\/wp-content\/uploads\/2023\/07\/cropped-DSCF3694.jpg\" title=\"cropped-DSCF3694.jpg\" alt=\"\"><\/div>\n<\/div>\n<\/div>\n<\/div><div  data-label=\"Features\" data-id=\"features--2\" data-export-id=\"features-16-card-bordered-mc\" data-category=\"features\" class=\"features-16-card-bordered-mc content-section content-section-spacing\" id=\"features-2\" style=\"background-color: rgb(245, 250, 253);\"><div  class=\"gridContainer\"> <div  class=\"row text-center\"><div  class=\"section-title-col\" data-type=\"column\"> <h5  class=\"\"><span  style=\"font-style: italic;\">\u201cSiis k\u00fcsisin, kas ta tahaks linna s\u00f6\u00f6ma minna. Tahtiski. Kui kentsakas ajaviitmine, koos<\/span> <span  style=\"font-style: italic;\">s\u00f6\u00f6mine, topi toitu suhu ja vaata, kuidas teine sedasama teeb.\u201d<\/span> \u2013 Peeter Sauter<\/h5> <h2  class=\"\">Huviringid ja trennid<\/h2> <p  class=\"lead\">Keskuses toimub mitmeid p\u00f5nevaid huviringe, leia endale meelep\u00e4rane siit. \n<br >Kui sooviksid meie ruumides ise m\u00f5nda huviringi l\u00e4bi viia, siis teeme r\u00f5\u00f5muga koost\u00f6\u00f6d.<\/p><\/div> <\/div> <div  class=\"row spaced-cols content-center-sm center-sm\" data-type=\"row\">  <div  class=\"col-xs-12 col-sm-6 col-md-4\"><div  class=\"card no-padding bordered y-move\"> <a  data-cp-link=\"1\" href=\"https:\/\/inglitiib.eu\/harkujarve-kirik-ja-kogukonnakeskus\/harkujarve-kogukonnakeskus-before-import\/mustlastants\" target=\"_self\" rel=\"noopener\"><img  decoding=\"async\" class=\"face\" src=\"https:\/\/inglitiib.eu\/harkujarve-kirik-ja-kogukonnakeskus\/wp-content\/uploads\/2023\/11\/cropped-20230531_203018-scaled-1.jpg\" title=\"20230531_203018\" alt=\"\"><\/a> <div  data-type=\"column\" class=\"col-padding-small col-padding-small-xs description-container\"> <h4  class=\"font-500\" style=\"text-align: center;\">Mustlastants &amp; Flamenco<\/h4> <p  class=\"\" style=\"text-align: center;\">Igal kolmap\u00e4eval.<br >Juhendaja Lehti Kostabi.<\/p><\/div> <div  data-type=\"column\" class=\"col-padding-small col-padding-small-xs read-more-container\"><\/div> <\/div><\/div> <div  class=\"col-xs-12 col-sm-6 col-md-4\"><div  class=\"card no-padding bordered y-move\"> <img  decoding=\"async\" class=\"face\" src=\"https:\/\/inglitiib.eu\/harkujarve-kirik-ja-kogukonnakeskus\/wp-content\/uploads\/2023\/11\/cropped-cropped-koroonalaud-780x520-1.jpg\" title=\"koroonalaud-780x520\" alt=\"\"> <div  data-type=\"column\" class=\"col-padding-small col-padding-small-xs description-container\"> <h4  class=\"font-500\" style=\"text-align: center;\">Koroonatrenn &amp; turniirid<\/h4> <p  class=\"\" style=\"text-align: center;\">Keskuses on 2 lauda. \n<br >Tunnid toimuvad vastavalt huvile.<\/p><\/div> <div  data-type=\"column\" class=\"col-padding-small col-padding-small-xs read-more-container\"><\/div> <\/div><\/div> <div  class=\"col-xs-12 col-sm-6 col-md-4\"> <div  class=\"card no-padding bordered y-move\"> <a  data-cp-link=\"1\" href=\"https:\/\/inglitiib.eu\/harkujarve-kirik-ja-kogukonnakeskus\/harkujarve-kogukonnakeskus-before-import\/draamastuudio\" target=\"_self\" rel=\"noopener\"><img  decoding=\"async\" class=\"face\" src=\"https:\/\/inglitiib.eu\/harkujarve-kirik-ja-kogukonnakeskus\/wp-content\/uploads\/2023\/11\/cropped-Stuudio-3.jpg\" title=\"cropped-Stuudio-3.jpg\" alt=\"\"><\/a> <div  data-type=\"column\" class=\"col-padding-small col-padding-small-xs description-container\"> <h4  class=\"font-500\" style=\"text-align: center;\">Draamastuudio<\/h4> <p  class=\"\" style=\"text-align: center;\">Igal kolmap\u00e4eval.\n<br >Juhendaja Fea \u00dcprus.<\/p><\/div> <div  data-type=\"column\" class=\"col-padding-small col-padding-small-xs read-more-container\"><\/div> <\/div><\/div><\/div><\/div> <\/div><div  data-label=\"Features\" data-id=\"features--1\" data-export-id=\"features-16\" data-category=\"features\" class=\"features-16 content-section content-section-spacing\" id=\"features-1\" style=\"background-color: rgb(255, 255, 255);\"><div  class=\"gridContainer\"> <div  class=\"row text-center\"><div  class=\"section-title-col\" data-type=\"column\"> <h2  class=\"\">Kiriklikud talitused<\/h2> <p  class=\"lead\">Harkuj\u00e4rve kirik pakub mitmeid igap\u00e4evaseid teenuseid mida elu jooksul vaja l\u00e4heb.<\/p><\/div> <\/div> <div  class=\"row spaced-cols\" data-type=\"row\"> <div  class=\"col-xs-12 col-sm-6 space-bottom col-md-3 \"> <a  data-cp-link=\"1\" href=\"#\"><img  decoding=\"async\" class=\"face\" src=\"https:\/\/inglitiib.eu\/harkujarve-kirik-ja-kogukonnakeskus\/wp-content\/uploads\/2023\/11\/cropped-cropped-Leerikool.jpg\" title=\"Leerikool.jpg\" alt=\"\"><\/a> <div  data-type=\"column\" class=\"col-padding-small col-padding-small-xs description-container\"> <h4  class=\"font-500\" style=\"text-align: center;\">P\u00fchap\u00e4evakool \n<br >&amp; Leerikool<\/h4>  <\/div> <\/div> <div  class=\"col-xs-12 col-sm-6 space-bottom col-md-3 \"> <img  decoding=\"async\" class=\"face\" src=\"https:\/\/inglitiib.eu\/harkujarve-kirik-ja-kogukonnakeskus\/wp-content\/uploads\/2023\/11\/cropped-Pulmad-1.jpg\" title=\"cropped-Pulmad-1.jpg\" alt=\"\"> <div  data-type=\"column\" class=\"col-padding-small col-padding-small-xs description-container\"> <h4  class=\"font-500\" style=\"text-align: center;\">Pulmad<\/h4>  <\/div> <\/div> <div  class=\"col-xs-12 col-sm-6 space-bottom col-md-3 \"> <img  decoding=\"async\" class=\"face\" src=\"https:\/\/inglitiib.eu\/harkujarve-kirik-ja-kogukonnakeskus\/wp-content\/uploads\/2023\/11\/cropped-Matused-1.jpg\" title=\"cropped-Matused-1.jpg\" alt=\"\"> <div  data-type=\"column\" class=\"col-padding-small col-padding-small-xs description-container\"> <h4  class=\"font-500\" style=\"text-align: center;\">Matused<\/h4>  <\/div> <\/div><div  class=\"col-xs-12 col-sm-6 space-bottom col-md-3 \"> <img  decoding=\"async\" class=\"face\" src=\"https:\/\/inglitiib.eu\/harkujarve-kirik-ja-kogukonnakeskus\/wp-content\/uploads\/2023\/11\/cropped-Ristimine-1.webp\" title=\"cropped-Ristimine-1.webp\" alt=\"\"> <div  data-type=\"column\" class=\"col-padding-small col-padding-small-xs description-container\"> <h4  class=\"font-500\" style=\"text-align: center;\">Ristimine<\/h4>  <\/div> <\/div><\/div> <\/div><\/div><div  data-label=\"Contact\" data-id=\"contact--1\" data-export-id=\"contact-1-mc\" data-category=\"contact\" class=\"contact-1-mc content-section content-section-spacing white-text\" data-parallax-depth=\"20\" id=\"contact-1\" style=\"background-color: rgb(245, 250, 253); background-image: url(&quot;https:\/\/inglitiib.eu\/harkujarve-kirik-ja-kogukonnakeskus\/wp-content\/uploads\/2023\/11\/cropped-Leerikool.jpg&quot;); background-size: cover; background-position: center top;\"><div  class=\"gridContainer\"> <div  class=\"row text-center\"><div  class=\"section-title-col\" data-type=\"column\"> <h5  class=\"\">Tekkis k\u00fcsimusi?<\/h5> <h2  class=\"\">V\u00f5ta meiega \u00fchendust<\/h2> <p  class=\"lead\">Kirjuta meile kui soovid rohkem infot talituste, huviringide v\u00f5i teenistuste kohta. Oleme avatud ka ideedele kogukonnaelu aktiviseerimiseks ning loomulikult ka sponsoritele, kes soovivad meie tegevusi toetada.<\/p><\/div> <\/div> <div  class=\"row text-center\"> <div  class=\"col-xs-12 col-sm-8 col-sm-offset-2 contact-form-wrapper inline-info\"> <div  class=\"card large-padding\"> <div  class=\"\" data-content-shortcode=\"mesmerize_contact_form shortcode=&quot;contact-form-7 id=&amp;amp;quot;db92d4f&amp;amp;quot; title=&amp;amp;quot;Contact form 1&amp;amp;quot;&quot;\" data-editable=\"true\">\n<div class=\"wpcf7 no-js\" id=\"wpcf7-f7-o1\" lang=\"en-US\" dir=\"ltr\" data-wpcf7-id=\"7\">\n<div class=\"screen-reader-response\"><p role=\"status\" aria-live=\"polite\" aria-atomic=\"true\"><\/p> <ul><\/ul><\/div>\n<form action=\"\/harkujarve-kirik-ja-kogukonnakeskus\/wp-json\/wp\/v2\/pages\/8#wpcf7-f7-o1\" method=\"post\" class=\"wpcf7-form init\" aria-label=\"Contact form\" novalidate=\"novalidate\" data-status=\"init\">\n<fieldset class=\"hidden-fields-container\"><input type=\"hidden\" name=\"_wpcf7\" value=\"7\" \/><input type=\"hidden\" name=\"_wpcf7_version\" value=\"6.1.2\" \/><input type=\"hidden\" name=\"_wpcf7_locale\" value=\"en_US\" \/><input type=\"hidden\" name=\"_wpcf7_unit_tag\" value=\"wpcf7-f7-o1\" \/><input type=\"hidden\" name=\"_wpcf7_container_post\" value=\"0\" \/><input type=\"hidden\" name=\"_wpcf7_posted_data_hash\" value=\"\" \/>\n<\/fieldset>\n<p><label> Sinu Nimi<br \/>\n<span class=\"wpcf7-form-control-wrap\" data-name=\"your-name\"><input size=\"40\" maxlength=\"400\" class=\"wpcf7-form-control wpcf7-text wpcf7-validates-as-required\" aria-required=\"true\" aria-invalid=\"false\" value=\"\" type=\"text\" name=\"your-name\" \/><\/span> <\/label>\n<\/p>\n<p><label> Sinu E-mail<br \/>\n<span class=\"wpcf7-form-control-wrap\" data-name=\"your-email\"><input size=\"40\" maxlength=\"400\" class=\"wpcf7-form-control wpcf7-email wpcf7-validates-as-required wpcf7-text wpcf7-validates-as-email\" aria-required=\"true\" aria-invalid=\"false\" value=\"\" type=\"email\" name=\"your-email\" \/><\/span> <\/label>\n<\/p>\n<p><label> Teema<br \/>\n<span class=\"wpcf7-form-control-wrap\" data-name=\"your-subject\"><input size=\"40\" maxlength=\"400\" class=\"wpcf7-form-control wpcf7-text\" aria-invalid=\"false\" value=\"\" type=\"text\" name=\"your-subject\" \/><\/span> <\/label>\n<\/p>\n<p><label> S\u00f5num<br \/>\n<span class=\"wpcf7-form-control-wrap\" data-name=\"your-message\"><textarea cols=\"40\" rows=\"10\" maxlength=\"2000\" class=\"wpcf7-form-control wpcf7-textarea\" aria-invalid=\"false\" name=\"your-message\"><\/textarea><\/span> <\/label>\n<\/p>\n<p><input class=\"wpcf7-form-control wpcf7-submit has-spinner\" type=\"submit\" value=\"Saada!\" \/>\n<\/p><div class=\"wpcf7-response-output\" aria-hidden=\"true\"><\/div>\n<\/form>\n<\/div>\n<\/div><\/div> <\/div><\/div> <\/div><\/div><div  data-label=\"Latest-news\" data-id=\"latest_news--1\" data-export-id=\"blog-section-mc\" data-category=\"latest_news\" class=\"blog-section-mc blog-section-standard content-section content-section-spacing\" id=\"latest_news-1\" style=\"background-color: rgb(255, 255, 255);\"><div  class=\"gridContainer\"> <div  class=\"row\"><div  data-type=\"column\" class=\"section-title-col\">  <h2  class=\"\">Viimased postitused<\/h2> <p  class=\"lead\">Ole kursis meie tegemistega vaadates pildigaleriisid ja lugedes artikleid.<\/p><\/div> <\/div> <div  class=\"row\"> <div  data-type=\"row\" data-dynamic-columns=\"handled\" data-content-shortcode=\"mesmerize_latest_news posts=&quot;3&quot;\">\t\t<div class=\"row center-sm content-left-sm\">\n\t\t\t\t\t<div id=\"post-2469\" class=\"col-sm-6 col-md-4 space-bottom space-bottom-xs\">\n\t\t\t\t<div class=\"post-content card y-move bordered\">\n\t\t\t\t\t<div class=\"post-thumbnail\">\n   <a href=\"https:\/\/inglitiib.eu\/harkujarve-kirik-ja-kogukonnakeskus\/tasuta-kontsert\/\" class=\"post-list-item-thumb \">\n      <img loading=\"lazy\" decoding=\"async\" width=\"1024\" height=\"1024\" src=\"https:\/\/inglitiib.eu\/harkujarve-kirik-ja-kogukonnakeskus\/wp-content\/uploads\/2026\/03\/29.marts-plakat-1.1-1024x1024.png\" class=\"attachment-post-thumbnail size-post-thumbnail wp-post-image\" alt=\"\" srcset=\"https:\/\/inglitiib.eu\/harkujarve-kirik-ja-kogukonnakeskus\/wp-content\/uploads\/2026\/03\/29.marts-plakat-1.1-1024x1024.png 1024w, https:\/\/inglitiib.eu\/harkujarve-kirik-ja-kogukonnakeskus\/wp-content\/uploads\/2026\/03\/29.marts-plakat-1.1-300x300.png 300w, https:\/\/inglitiib.eu\/harkujarve-kirik-ja-kogukonnakeskus\/wp-content\/uploads\/2026\/03\/29.marts-plakat-1.1-150x150.png 150w, https:\/\/inglitiib.eu\/harkujarve-kirik-ja-kogukonnakeskus\/wp-content\/uploads\/2026\/03\/29.marts-plakat-1.1-768x768.png 768w, https:\/\/inglitiib.eu\/harkujarve-kirik-ja-kogukonnakeskus\/wp-content\/uploads\/2026\/03\/29.marts-plakat-1.1.png 1080w\" sizes=\"auto, (max-width: 1024px) 100vw, 1024px\" \/>   <\/a>\n<\/div>\n\t\t\t\t\t<div class=\"col-padding col-padding-xs\">\n\t\t\t\t\t\t<h3 class=\"post-title space-bottom-small\">\n\t\t\t\t\t\t\t<a href=\"https:\/\/inglitiib.eu\/harkujarve-kirik-ja-kogukonnakeskus\/tasuta-kontsert\/\" rel=\"bookmark\">\n\t\t\t\t\t\t\t\tTasuta kontsert\t\t\t\t\t\t\t<\/a>\n\t\t\t\t\t\t<\/h3>\n\t\t\t\t\t\t\t\t\t\t\t\t<a class=\"read-more link\" href=\"https:\/\/inglitiib.eu\/harkujarve-kirik-ja-kogukonnakeskus\/tasuta-kontsert\/\">\n\t\t\t\t\t\t\tRead more\t\t\t\t\t\t<\/a>\n\t\t\t\t\t<\/div>\n\t\t\t\t<\/div>\n\t\t\t<\/div>\n\t\t\t\t\t\t<div id=\"post-2466\" class=\"col-sm-6 col-md-4 space-bottom space-bottom-xs\">\n\t\t\t\t<div class=\"post-content card y-move bordered\">\n\t\t\t\t\t<div class=\"post-thumbnail\">\n   <a href=\"https:\/\/inglitiib.eu\/harkujarve-kirik-ja-kogukonnakeskus\/martsikuu-sundmused\/\" class=\"post-list-item-thumb \">\n      <img loading=\"lazy\" decoding=\"async\" width=\"1024\" height=\"724\" src=\"https:\/\/inglitiib.eu\/harkujarve-kirik-ja-kogukonnakeskus\/wp-content\/uploads\/2026\/03\/Martsikuu-sundmused-1024x724.png\" class=\"attachment-post-thumbnail size-post-thumbnail wp-post-image\" alt=\"\" srcset=\"https:\/\/inglitiib.eu\/harkujarve-kirik-ja-kogukonnakeskus\/wp-content\/uploads\/2026\/03\/Martsikuu-sundmused-1024x724.png 1024w, https:\/\/inglitiib.eu\/harkujarve-kirik-ja-kogukonnakeskus\/wp-content\/uploads\/2026\/03\/Martsikuu-sundmused-300x212.png 300w, https:\/\/inglitiib.eu\/harkujarve-kirik-ja-kogukonnakeskus\/wp-content\/uploads\/2026\/03\/Martsikuu-sundmused-768x543.png 768w, https:\/\/inglitiib.eu\/harkujarve-kirik-ja-kogukonnakeskus\/wp-content\/uploads\/2026\/03\/Martsikuu-sundmused-1536x1086.png 1536w, https:\/\/inglitiib.eu\/harkujarve-kirik-ja-kogukonnakeskus\/wp-content\/uploads\/2026\/03\/Martsikuu-sundmused-1528x1080.png 1528w, https:\/\/inglitiib.eu\/harkujarve-kirik-ja-kogukonnakeskus\/wp-content\/uploads\/2026\/03\/Martsikuu-sundmused.png 2000w\" sizes=\"auto, (max-width: 1024px) 100vw, 1024px\" \/>   <\/a>\n<\/div>\n\t\t\t\t\t<div class=\"col-padding col-padding-xs\">\n\t\t\t\t\t\t<h3 class=\"post-title space-bottom-small\">\n\t\t\t\t\t\t\t<a href=\"https:\/\/inglitiib.eu\/harkujarve-kirik-ja-kogukonnakeskus\/martsikuu-sundmused\/\" rel=\"bookmark\">\n\t\t\t\t\t\t\t\tM\u00e4rtsikuu s\u00fcndmused\t\t\t\t\t\t\t<\/a>\n\t\t\t\t\t\t<\/h3>\n\t\t\t\t\t\t\t\t\t\t\t\t<a class=\"read-more link\" href=\"https:\/\/inglitiib.eu\/harkujarve-kirik-ja-kogukonnakeskus\/martsikuu-sundmused\/\">\n\t\t\t\t\t\t\tRead more\t\t\t\t\t\t<\/a>\n\t\t\t\t\t<\/div>\n\t\t\t\t<\/div>\n\t\t\t<\/div>\n\t\t\t\t\t\t<div id=\"post-2455\" class=\"col-sm-6 col-md-4 space-bottom space-bottom-xs\">\n\t\t\t\t<div class=\"post-content card y-move bordered\">\n\t\t\t\t\t<div class=\"post-thumbnail\">\n   <a href=\"https:\/\/inglitiib.eu\/harkujarve-kirik-ja-kogukonnakeskus\/tabasalu-kammerkoori-ja-patika-koori-kontsert\/\" class=\"post-list-item-thumb \">\n      <img loading=\"lazy\" decoding=\"async\" width=\"750\" height=\"1050\" src=\"https:\/\/inglitiib.eu\/harkujarve-kirik-ja-kogukonnakeskus\/wp-content\/uploads\/2026\/02\/Kontsert-HK.jpg\" class=\"attachment-post-thumbnail size-post-thumbnail wp-post-image\" alt=\"\" srcset=\"https:\/\/inglitiib.eu\/harkujarve-kirik-ja-kogukonnakeskus\/wp-content\/uploads\/2026\/02\/Kontsert-HK.jpg 750w, https:\/\/inglitiib.eu\/harkujarve-kirik-ja-kogukonnakeskus\/wp-content\/uploads\/2026\/02\/Kontsert-HK-214x300.jpg 214w, https:\/\/inglitiib.eu\/harkujarve-kirik-ja-kogukonnakeskus\/wp-content\/uploads\/2026\/02\/Kontsert-HK-731x1024.jpg 731w\" sizes=\"auto, (max-width: 750px) 100vw, 750px\" \/>   <\/a>\n<\/div>\n\t\t\t\t\t<div class=\"col-padding col-padding-xs\">\n\t\t\t\t\t\t<h3 class=\"post-title space-bottom-small\">\n\t\t\t\t\t\t\t<a href=\"https:\/\/inglitiib.eu\/harkujarve-kirik-ja-kogukonnakeskus\/tabasalu-kammerkoori-ja-patika-koori-kontsert\/\" rel=\"bookmark\">\n\t\t\t\t\t\t\t\tTabasalu kammerkoori ja Patika koori kontsert\t\t\t\t\t\t\t<\/a>\n\t\t\t\t\t\t<\/h3>\n\t\t\t\t\t\t<p>17.02 on meil k\u00fclas Tabasalu Kammerkoor ja Patika koor. Kontsert algab kell 19.00 kirikusaalis. Dirigendid Mai Ainsalu ja Igor Nikiforov, vahetekste loeb \u00f5p\u00a0Avo\u00a0\u00dcprus. Kontsert on TASUTA.<\/p>\n\t\t\t\t\t\t<a class=\"read-more link\" href=\"https:\/\/inglitiib.eu\/harkujarve-kirik-ja-kogukonnakeskus\/tabasalu-kammerkoori-ja-patika-koori-kontsert\/\">\n\t\t\t\t\t\t\tRead more\t\t\t\t\t\t<\/a>\n\t\t\t\t\t<\/div>\n\t\t\t\t<\/div>\n\t\t\t<\/div>\n\t\t\t\t<\/div>\n\t<\/div><\/div> <div  class=\"row\"><div  class=\"text-center\"> <a  class=\"button color1\" data-attr-shortcode=\"href:mesmerize_blog_link\" href=\"https:\/\/inglitiib.eu\/harkujarve-kirik-ja-kogukonnakeskus\/blog\/\" data-icon=\"\">Loe l\u00e4hemalt<\/a><\/div> <\/div><\/div><\/div><div  data-label=\"About\" data-id=\"about-image-text\" data-export-id=\"about-image-text\" data-category=\"about\" class=\"about-image-text content-section content-section-spacing kind_steel\" id=\"about-7\">\n<div  class=\"gridContainer\">\n<div  data-section-title-area=\"true\" class=\"row text-center\">\n<div  class=\"section-title-col\" data-type=\"column\">\n<h2  class=\"\">Aino J\u00e4rvesoo p\u00e4rand<\/h2>\n<p  class=\"lead\">Naine, kes andis elu 150-le lapsele.<\/p>\n\n<\/div>\n<\/div>\n<div  class=\"row\">\n<div  class=\"col-sm-6 flexbox-strech center-xs middle-xs no-gutter-col\">\n<div  class=\"shadow-large overlap-right-large flexbox middle-xs center-xs left-img\" data-bg=\"image\" style=\"background-image: url(&quot;https:\/\/inglitiib.eu\/harkujarve-kirik-ja-kogukonnakeskus\/wp-content\/uploads\/2023\/11\/cropped-Aino-Jarvesoo.jpg&quot;);\"><\/div>\n<\/div>\n<div  class=\"col-sm-6 space-bottom-xs col-padding-small-xs col-sm-padding-large bg-color5 white-text content-col\" data-type=\"column\">\n<h5  class=\"\" style=\"text-align: center;\">Aino J\u00e4rvesoo 1910-2003<\/h5>\n<h2  class=\"\" style=\"text-align: center;\">Suure <span  href=\"#\" style=\"font-family: Playfair Display, sans-serif; font-weight: bold; font-style: italic;\">S\u00dcDAMEGA naine<\/span><\/h2>\n<p  class=\"\">Kui Aino oli veel noor t\u00fcdruk, unistas ta \u00fcle k\u00f5ige emaks saamisest. Oma abikaasale olevat ta lubanud lausa kaheksa lapse s\u00fcnnitamist. Kahjuks l\u00e4ks nii, et oma lapsi Aino ei saanudki, k\u00fcll aga said t\u00e4nu tema annetustele elu 150 katseklaasibeebit, kes t\u00e4naseks on alustanud oma iseseisvat t\u00e4iskavanu elu.<\/p>\n\n<\/div>\n<\/div>\n<\/div>\n<\/div>","protected":false},"excerpt":{"rendered":"<p>Meist Laste\u2013 ja perede kirik J\u00e4\u00e4des truuks meie kiriku rajaja Aino J\u00e4rvesoo visioonile ja unistusele on \u00fcks meie peamiseid suundi t\u00f6\u00f6 laste ja peredega. Loe l\u00e4hemalt \u201cSiis k\u00fcsisin, kas ta tahaks linna s\u00f6\u00f6ma minna. Tahtiski. Kui kentsakas ajaviitmine, koos s\u00f6\u00f6mine, topi toitu suhu ja vaata, kuidas teine sedasama teeb.\u201d \u2013 Peeter Sauter Huviringid ja trennid&hellip; <br \/> <a class=\"read-more\" href=\"https:\/\/inglitiib.eu\/harkujarve-kirik-ja-kogukonnakeskus\/tabasalu-kammerkoori-ja-patika-koori-kontsert\/\">Read more<\/a><\/p>\n","protected":false},"author":7,"featured_media":0,"parent":0,"menu_order":0,"comment_status":"closed","ping_status":"closed","template":"page-templates\/homepage.php","meta":{"cybocfi_hide_featured_image":"","footnotes":""},"class_list":["post-8","page","type-page","status-publish","hentry"],"_links":{"self":[{"href":"https:\/\/inglitiib.eu\/harkujarve-kirik-ja-kogukonnakeskus\/wp-json\/wp\/v2\/pages\/8","targetHints":{"allow":["GET"]}}],"collection":[{"href":"https:\/\/inglitiib.eu\/harkujarve-kirik-ja-kogukonnakeskus\/wp-json\/wp\/v2\/pages"}],"about":[{"href":"https:\/\/inglitiib.eu\/harkujarve-kirik-ja-kogukonnakeskus\/wp-json\/wp\/v2\/types\/page"}],"author":[{"embeddable":true,"href":"https:\/\/inglitiib.eu\/harkujarve-kirik-ja-kogukonnakeskus\/wp-json\/wp\/v2\/users\/7"}],"replies":[{"embeddable":true,"href":"https:\/\/inglitiib.eu\/harkujarve-kirik-ja-kogukonnakeskus\/wp-json\/wp\/v2\/comments?post=8"}],"version-history":[{"count":31,"href":"https:\/\/inglitiib.eu\/harkujarve-kirik-ja-kogukonnakeskus\/wp-json\/wp\/v2\/pages\/8\/revisions"}],"predecessor-version":[{"id":2402,"href":"https:\/\/inglitiib.eu\/harkujarve-kirik-ja-kogukonnakeskus\/wp-json\/wp\/v2\/pages\/8\/revisions\/2402"}],"wp:attachment":[{"href":"https:\/\/inglitiib.eu\/harkujarve-kirik-ja-kogukonnakeskus\/wp-json\/wp\/v2\/media?parent=8"}],"curies":[{"name":"wp","href":"https:\/\/api.w.org\/{rel}","templated":true}]}}