{"id":812,"date":"2014-11-15T20:29:10","date_gmt":"2014-11-15T18:29:10","guid":{"rendered":"http:\/\/inglitiib.eu\/harkujarve-kiriku-taastamise-selts\/?page_id=812-old"},"modified":"2024-11-08T11:50:37","modified_gmt":"2024-11-08T09:50:37","slug":"jumalateenistused","status":"publish","type":"page","link":"https:\/\/inglitiib.eu\/harkujarve-kirik-ja-kogukonnakeskus\/jumalateenistused\/","title":{"rendered":"Jumalateenistused"},"content":{"rendered":"<p>P\u00fchap\u00e4evased teenistused alati kell 17.00<\/p>\n<p>Rohkem infot \u00fcrituste kohta meie facebooki lehelt: <a href=\"https:\/\/www.facebook.com\/Harkujarve\/\" target=\"_blank\" rel=\"noopener noreferrer\">Harkuj\u00e4rve kogudus<\/a><\/p>\n","protected":false},"excerpt":{"rendered":"<p>P\u00fchap\u00e4evased teenistused alati kell 17.00 Rohkem infot \u00fcrituste kohta meie facebooki lehelt: Harkuj\u00e4rve kogudus<\/p>\n","protected":false},"author":1,"featured_media":0,"parent":0,"menu_order":0,"comment_status":"closed","ping_status":"closed","template":"","meta":{"cybocfi_hide_featured_image":"","footnotes":""},"class_list":["post-812","page","type-page","status-publish","hentry"],"_links":{"self":[{"href":"https:\/\/inglitiib.eu\/harkujarve-kirik-ja-kogukonnakeskus\/wp-json\/wp\/v2\/pages\/812","targetHints":{"allow":["GET"]}}],"collection":[{"href":"https:\/\/inglitiib.eu\/harkujarve-kirik-ja-kogukonnakeskus\/wp-json\/wp\/v2\/pages"}],"about":[{"href":"https:\/\/inglitiib.eu\/harkujarve-kirik-ja-kogukonnakeskus\/wp-json\/wp\/v2\/types\/page"}],"author":[{"embeddable":true,"href":"https:\/\/inglitiib.eu\/harkujarve-kirik-ja-kogukonnakeskus\/wp-json\/wp\/v2\/users\/1"}],"replies":[{"embeddable":true,"href":"https:\/\/inglitiib.eu\/harkujarve-kirik-ja-kogukonnakeskus\/wp-json\/wp\/v2\/comments?post=812"}],"version-history":[{"count":3,"href":"https:\/\/inglitiib.eu\/harkujarve-kirik-ja-kogukonnakeskus\/wp-json\/wp\/v2\/pages\/812\/revisions"}],"predecessor-version":[{"id":2387,"href":"https:\/\/inglitiib.eu\/harkujarve-kirik-ja-kogukonnakeskus\/wp-json\/wp\/v2\/pages\/812\/revisions\/2387"}],"wp:attachment":[{"href":"https:\/\/inglitiib.eu\/harkujarve-kirik-ja-kogukonnakeskus\/wp-json\/wp\/v2\/media?parent=812"}],"curies":[{"name":"wp","href":"https:\/\/api.w.org\/{rel}","templated":true}]}}