{"id":824,"date":"2014-11-16T01:51:39","date_gmt":"2014-11-15T23:51:39","guid":{"rendered":"http:\/\/inglitiib.eu\/harkujarve-kiriku-taastamise-selts\/?page_id=824-old"},"modified":"2024-11-08T11:54:22","modified_gmt":"2024-11-08T09:54:22","slug":"harkujarve-kiriku-taastamise-seltsist-laiemalt-before-import","status":"publish","type":"page","link":"https:\/\/inglitiib.eu\/harkujarve-kirik-ja-kogukonnakeskus\/harkujarve-kiriku-taastamise-seltsist-laiemalt-before-import\/","title":{"rendered":"Harkuj\u00e4rve Kiriku Taastamise Seltsist"},"content":{"rendered":"<p><!--:et-->MT\u00dc Harkuj\u00e4rve Kiriku Taastamise Selts<\/p>\n<p>Registrikood 80289049<\/p>\n<p>Aadress: Kiriku tee 2, Harkuj\u00e4rve k\u00fcla, Harku vald,<\/p>\n<p>Harju maakond, 76912<\/p>\n<p>Juhatuse liikmed: Risto Abel ja Avo \u00dcprus<!--:--><\/p>\n","protected":false},"excerpt":{"rendered":"<p>MT\u00dc Harkuj\u00e4rve Kiriku Taastamise Selts Registrikood 80289049 Aadress: Kiriku tee 2, Harkuj\u00e4rve k\u00fcla, Harku vald, Harju maakond, 76912 Juhatuse liikmed: Risto Abel ja Avo \u00dcprus<\/p>\n","protected":false},"author":1,"featured_media":0,"parent":0,"menu_order":0,"comment_status":"closed","ping_status":"closed","template":"","meta":{"cybocfi_hide_featured_image":"","footnotes":""},"class_list":["post-824","page","type-page","status-publish","hentry"],"_links":{"self":[{"href":"https:\/\/inglitiib.eu\/harkujarve-kirik-ja-kogukonnakeskus\/wp-json\/wp\/v2\/pages\/824","targetHints":{"allow":["GET"]}}],"collection":[{"href":"https:\/\/inglitiib.eu\/harkujarve-kirik-ja-kogukonnakeskus\/wp-json\/wp\/v2\/pages"}],"about":[{"href":"https:\/\/inglitiib.eu\/harkujarve-kirik-ja-kogukonnakeskus\/wp-json\/wp\/v2\/types\/page"}],"author":[{"embeddable":true,"href":"https:\/\/inglitiib.eu\/harkujarve-kirik-ja-kogukonnakeskus\/wp-json\/wp\/v2\/users\/1"}],"replies":[{"embeddable":true,"href":"https:\/\/inglitiib.eu\/harkujarve-kirik-ja-kogukonnakeskus\/wp-json\/wp\/v2\/comments?post=824"}],"version-history":[{"count":3,"href":"https:\/\/inglitiib.eu\/harkujarve-kirik-ja-kogukonnakeskus\/wp-json\/wp\/v2\/pages\/824\/revisions"}],"predecessor-version":[{"id":2390,"href":"https:\/\/inglitiib.eu\/harkujarve-kirik-ja-kogukonnakeskus\/wp-json\/wp\/v2\/pages\/824\/revisions\/2390"}],"wp:attachment":[{"href":"https:\/\/inglitiib.eu\/harkujarve-kirik-ja-kogukonnakeskus\/wp-json\/wp\/v2\/media?parent=824"}],"curies":[{"name":"wp","href":"https:\/\/api.w.org\/{rel}","templated":true}]}}