{"id":894,"date":"2014-11-23T21:25:47","date_gmt":"2014-11-23T19:25:47","guid":{"rendered":"http:\/\/inglitiib.eu\/harkujarve-kiriku-taastamise-selts\/?page_id=894-old"},"modified":"2024-11-08T12:01:18","modified_gmt":"2024-11-08T10:01:18","slug":"harkujarve-kiriku-ajalugu","status":"publish","type":"page","link":"https:\/\/inglitiib.eu\/harkujarve-kirik-ja-kogukonnakeskus\/harkujarve-kiriku-ajalugu\/","title":{"rendered":"Harkuj\u00e4rve kiriku ajalugu"},"content":{"rendered":"<p><!--:et-->Kirik ehitati Harkuj\u00e4rve k\u00fclla aastatel 1992 &#8211; 1994. Soklikorrus j\u00e4i v\u00e4lja ehitamata. Kiriku arhitekt on Jaak Kuriks ja ehituse metseen Aino J\u00e4rvesoo. Kirik kuulub Eesti Evangeelse Luterliku Kiriku koosseisu. Hoones on algatanud lapsehoiuteenuse pakkumise Eesti Evangeelse Luterliku Kiriku Konsistooriumi diakoonia- ja \u00fchiskonnat\u00f6\u00f6 talitus (www.eelk.ee\/diakoonia), tegutseb Harkuj\u00e4rve noortetuba, laste p\u00e4evakeskus. Hoone ja krundi heakorrastamise ja Aino J\u00e4rvesoo m\u00e4lestuse j\u00e4\u00e4dvustamisega tegeles MT\u00dc Harkuj\u00e4rve Kiriku Taastamise Selts. Alates 2020 s\u00fcgisest on selts \u00fcmber organiseeritud \u00fchenduseks Harkuj\u00e4rve Kogukonnakeskus, mille kaudu pakutakse \u00fcmberkaudsetele elanikele vajalikke vabaajateenuseid ning k\u00fclalistele majutust. Leader programmi toetusel valmisid suvel n\u00e4gusad magamistoad raamatur\u00f5dule. Kodulaenutusega lugemistuba on avatud igal t\u00f6\u00f6p\u00e4eval. Huvilistel palume helistada numbril +372 5020857<\/p>\n<p>Harkuj\u00e4rve kiriku ehitust finantseeris taasiseseisvuse algusaastatel v\u00e4lis-eestlasest filantroop Aino J\u00e4rvesoo. Soovime lastele ja peredele t\u00e4iendavaid v\u00f5imalusi pakkuva kogukonnakeskuse rajamisega&nbsp; v\u00e4\u00e4rtustada eesti peret ning austada ja j\u00e4\u00e4dvustada Aino J\u00e4rvesoo m\u00e4lestust.<\/p>\n<div id=\"attachment_162\" style=\"width: 154px\" class=\"wp-caption alignleft\"><a href=\"http:\/\/inglitiib.eu\/harkujarve-kiriku-taastamise-selts\/wp-content\/uploads\/2013\/09\/Aino-J\u00e4rvesoo.-s-jpg-e1390726343723.jpg\"><img loading=\"lazy\" decoding=\"async\" aria-describedby=\"caption-attachment-162\" class=\"wp-image-162 \" src=\"http:\/\/inglitiib.eu\/harkujarve-kiriku-taastamise-selts\/wp-content\/uploads\/2013\/09\/Aino-J\u00e4rvesoo.-s-jpg-205x300.jpg\" alt=\"Aino J\u00e4rvesoo\" width=\"144\" height=\"210\"><\/a><p id=\"caption-attachment-162\" class=\"wp-caption-text\">Aino J\u00e4rvesoo<\/p><\/div>\n<p><strong>Aino J\u00e4rvesoo<br \/>\n<\/strong>(23.9.1910 \u2013 2.2.2003)<br \/>\n\u2022 L\u00f5petanud Tartu \u00dclikooli 1938. aastal etnograafia erialal ja Tallinna kunstikooli 1944.<\/p>\n<p>\u2022 Pages 1944. aastal koos abikaasa Elmar J\u00e4rvesooga Saksamaale, sealt viis aastat hiljem Ameerika \u00dchendriikidesse. T\u00f6\u00f6tas Massachusettsi \u00fclikoolis kunstipedagoogika professorina. Kogu pagulusaja oli tegev eesti kultuuri tutvustamisel.<\/p>\n<p>\u2022 Kodumaad k\u00fclastas ta p\u00e4rast pikka vaheaega uuesti 1974. aastal ning reisis edaspidi siia peaaegu igal aastal. Tema esimene heategevusprojekt oli Tallinnas Harku j\u00e4rve \u00e4\u00e4rde ehitatud luterlik kirik.<\/p>\n<p>\u2022 1996. aastal asus elama Tartusse Baeri t\u00e4navale \u00fcli\u00f5pilasselts Liivikale ostetud majja. Kinkis maja ka Eesti Nais\u00fcli\u00f5pilaste Seltsile ning muretses ruumid Tartu \u00dclikooli maaliosakonnale. Nelja miljoni krooniga l\u00f5i ta Tartu \u00dclikooli juurde oma abikaasa Elmar J\u00e4rvesoo m\u00e4lestusfondi. Fondi eesm\u00e4rk on aidata kaasa Eesti rahvastiku ja tema tervisliku seisundi taastamisele.<\/p>\n<p>\u2022 Annetas lastetute perede kunstviljastamise projekti kolm miljonit krooni. Tema toetusprogramm aga aitas s\u00fcndida 156 lapsel, kes poleks muidu v\u00f5ib-olla kunagi ilmavalgust n\u00e4inud. Madala s\u00fcndivuse juures on oluline, et lapsi saaksid k\u00f5ik naised. T\u00e4nu J\u00e4rvesoole on inimesed hakanud kunstlikku viljastamisse uskuma. Poliitikud m\u00f5istsid, et neid protseduure tuleb toetada ja n\u00fc\u00fcd maksabki riik osa protseduuride hinnast.<\/p>\n<p>\u2022 Algatus \u00abIgale lapsele 1000 krooni\u00bb kestis kolm aastat ning l\u00e4ks J\u00e4rvesoole maksma ligi miljon krooni.<\/p>\n<p>\u2022 Testamendi t\u00e4itja Olev Saksa s\u00f5nul annetas J\u00e4rvesoo heategevaks otstarbeks paark\u00fcmmend miljonit krooni.<\/p>\n<p>Aino J\u00e4rvesoo&nbsp; (n-na Promm) 23. sept. 1910 &#8211; 2. veebruar 2003<\/p>\n<p>Harku Vallavalitsus: Ranna tee 1, Tabasalu 76901<\/p>\n<p>Tel 600 3848, e-post: <a href=\"mailto:harku@harku.ee\">harku@harku.ee<\/a><!--:--><br \/>\natu.<\/p>\n<\/div>\n","protected":false},"excerpt":{"rendered":"<p>Kirik ehitati Harkuj\u00e4rve k\u00fclla aastatel 1992 &#8211; 1994. Soklikorrus j\u00e4i v\u00e4lja ehitamata. Kiriku arhitekt on Jaak Kuriks ja ehituse metseen Aino J\u00e4rvesoo. Kirik kuulub Eesti Evangeelse Luterliku Kiriku koosseisu. Hoones on algatanud lapsehoiuteenuse pakkumise Eesti Evangeelse Luterliku Kiriku Konsistooriumi diakoonia- ja \u00fchiskonnat\u00f6\u00f6 talitus (www.eelk.ee\/diakoonia), tegutseb Harkuj\u00e4rve noortetuba, laste p\u00e4evakeskus. Hoone ja krundi heakorrastamise ja Aino&hellip; <br \/> <a class=\"read-more\" href=\"https:\/\/inglitiib.eu\/harkujarve-kirik-ja-kogukonnakeskus\/harkujarve-kiriku-ajalugu\/\">Read more<\/a><\/p>\n","protected":false},"author":1,"featured_media":0,"parent":0,"menu_order":0,"comment_status":"closed","ping_status":"closed","template":"","meta":{"cybocfi_hide_featured_image":"","footnotes":""},"class_list":["post-894","page","type-page","status-publish","hentry"],"_links":{"self":[{"href":"https:\/\/inglitiib.eu\/harkujarve-kirik-ja-kogukonnakeskus\/wp-json\/wp\/v2\/pages\/894","targetHints":{"allow":["GET"]}}],"collection":[{"href":"https:\/\/inglitiib.eu\/harkujarve-kirik-ja-kogukonnakeskus\/wp-json\/wp\/v2\/pages"}],"about":[{"href":"https:\/\/inglitiib.eu\/harkujarve-kirik-ja-kogukonnakeskus\/wp-json\/wp\/v2\/types\/page"}],"author":[{"embeddable":true,"href":"https:\/\/inglitiib.eu\/harkujarve-kirik-ja-kogukonnakeskus\/wp-json\/wp\/v2\/users\/1"}],"replies":[{"embeddable":true,"href":"https:\/\/inglitiib.eu\/harkujarve-kirik-ja-kogukonnakeskus\/wp-json\/wp\/v2\/comments?post=894"}],"version-history":[{"count":3,"href":"https:\/\/inglitiib.eu\/harkujarve-kirik-ja-kogukonnakeskus\/wp-json\/wp\/v2\/pages\/894\/revisions"}],"predecessor-version":[{"id":2393,"href":"https:\/\/inglitiib.eu\/harkujarve-kirik-ja-kogukonnakeskus\/wp-json\/wp\/v2\/pages\/894\/revisions\/2393"}],"wp:attachment":[{"href":"https:\/\/inglitiib.eu\/harkujarve-kirik-ja-kogukonnakeskus\/wp-json\/wp\/v2\/media?parent=894"}],"curies":[{"name":"wp","href":"https:\/\/api.w.org\/{rel}","templated":true}]}}