{"id":2,"date":"2012-12-12T09:03:06","date_gmt":"2012-12-12T09:03:06","guid":{"rendered":"http:\/\/estodiac.eu\/inglitiib\/?page_id=2"},"modified":"2022-11-23T18:50:25","modified_gmt":"2022-11-23T16:50:25","slug":"esileht","status":"publish","type":"page","link":"https:\/\/inglitiib.eu\/inglitiib\/","title":{"rendered":""},"content":{"rendered":"<p>Pakume lapsehoiuteenust tegevusloa alusel alates <strong>1. veebruarist 2013<\/strong>.<\/p>\n<p>Meie lapsehoid asub Harjumaal, Harku vallas, Harkuj\u00e4rve k\u00fclas, Kiriku tee 2 asuvas majas (sissep\u00e4\u00e4s maja tagant), eraldatud ja looduskaunis kohas.\u00a0Laste p\u00e4ralt on kahel korrusel rumme ligi 200m<sup>2<\/sup>, kuhu kuuluvad m\u00e4ngutoad ja hubased magamistoad. \u00d5ues on aiaga piiratud m\u00e4nguala, kus on kiik, kaks liivakasti. Majja sisenemiseks on olemas kaldtee ratastoolidele.<\/p>\n<p>Alates aprillikuust 2016 pakume lapsehoius Inglitiib raske ja s\u00fcgava puudega lastele lapsehoiuteenust. Kogu info teenuse kohta leiate allolevas tekstis.<\/p>\n<div>\n<\/div>\n<div style=\"text-align: left;\">\n<p><b style=\"font-size: revert;\">Sihtgrupp:<\/b> <b style=\"font-size: revert;\">puudega lapsed<\/b><\/p>\n<div>\n<p>Lapsehoiuteenuse peamine eesm\u00e4rk on toetada lapsevanema, eestkostja v\u00f5i lepingu alusel lapse perekonnas hooldaja t\u00f6\u00f6tamist v\u00f5i toimetulekut. Samuti on lapsehoiuteenuse eesm\u00e4rkideks v\u00f5imaldada lapsevanematele lapse hooldamisest vaba aega, et nad saaksid ajutiselt tegeleda teiste tegevustega.<\/p>\n<p>Lapsehoiuteenus on suunatud raske ja s\u00fcgava puudega lastele, kes vajavad \u00f6\u00f6p\u00e4evaringset hooldust ja j\u00e4relevalvet ning kelle vanemad ei saa seet\u00f5ttu osaleda t\u00f6\u00f6h\u00f5ives. Lapsehoiuteenust on v\u00f5imalik saada kuni lapse 18 aastaseks saamiseni, eeldusel et lapse hooldamine ei ole samal ajal tagatud teiste sotsiaalteenustega (v\u00e4lja arvatud lapse perekonnas hooldamine) ning laps ei viibi samal ajal \u00f5ppet\u00f6\u00f6l haridusasutuses.<\/p>\n<p>Lapsehoiuteenust on v\u00f5imalik kasutada:<br \/>\n\u2022 koolieelsele ja kodu\u00f5ppel oleval lapsel: p\u00e4eval, \u00f5htul, n\u00e4dalavahetustel v\u00f5i teatud perioodil \u00f6\u00f6p\u00e4evaringselt;<br \/>\n\u2022 p\u00f5hiharidust omandaval lapsel: peale koolip\u00e4ev l\u00f5ppu, \u00f5htuti ja n\u00e4dalavahetustel; koolivaheaegadel lisandub p\u00e4evahoiu v\u00f5i \u00f6\u00f6p\u00e4evahoiu v\u00f5imalus;<br \/>\n\u2022 noortel, kellel on p\u00f5hiharidus omandatud, aga kes ei ole kutse\u00f5ppes: p\u00e4eval, \u00f5htul, n\u00e4dalavahetustel ning teatud perioodidel \u00f6\u00f6p\u00e4evaringselt.<\/p>\n<p>Lapsehoiuteenus on lapsevanema t\u00f6\u00f6tamist, \u00f5ppimist v\u00f5i toimetulekut toetav teenus, mille osutamise ajal tagab lapse hooldamise, arendamise ja turvalisuse lapsehoiuteenuse osutaja.<\/p>\n<p>Lapse hooldamine v\u00f5ib t\u00e4hendada lapse s\u00f6\u00f6tmist, pesemist, sondi puhastamist v\u00f5i m\u00e4hkmete vahetamist. Hooldustoimingud s\u00f5ltuvad lapse vanusest ja oskustest. Lapse arendamise kohta \u00f5igusaktides n\u00f5udeid ei ole ning arendamise tase s\u00f5ltub konkreetsest teenusepakkujast ja lapsehoidjast. Arendamise all m\u00f5eldakse eelk\u00f5ige lapsega tegelemist &#8211; temaga r\u00e4\u00e4kimist, lugemist, m\u00e4ngimist.<\/p>\n<p>Lapsehoiuteenust ei osutata haridusasutuses \u00f5ppet\u00f6\u00f6l viibimise ajal. Kooliealine laps v\u00f5ib teenusel olla juhul, kui ta on vormistatud kodu\u00f5ppele ja ei viibi samal ajal haridusasutuses.<\/p>\n<p>Lapsehoiuteenuse h\u00fcvitamisele on \u00f5igus raske v\u00f5i s\u00fcgava puudega lapse seaduslikul esindajal (lapsevanem v\u00f5i eestkostja) v\u00f5i lapsele perekonnas hooldamise teenuse (sotsiaalhoolekande seadus \u00a7 25\u00b2 lg1) pakkujal kuni lapse 18 aastaseks saamiseni, eeldusel et: lapse hooldusteenuste vajadus on kirjas lapse rehabilitatsiooniplaanis; lapse hooldamine ei ole samal ajal tagatud teiste sotsiaalteenustega (v.a lapse perekonnas hooldamine); laps ei viibi samal ajal \u00f5ppet\u00f6\u00f6l haridusasutuses.<\/p>\n<p>Lapsehoiuteenuse osutamine toimub kas lapse kodus v\u00f5i hoiukodus (asutuses).<\/p>\n<p>Teenusele saamiseks v\u00f5tke \u00fchendust (Remet Rander, <a href=\"mailto:remet@crimeless.eu\">remet@crimeless.eu<\/a> v\u00f5i 5275731).<\/p>\n<div align=\"center\">\n<hr align=\"center\" size=\"2\" width=\"75%\" \/>\n<\/div>\n<p>Lapsehoiuteenust pakutakse aadressil:<br \/>\n<strong>Kiriku tee 2, 76912 Harkuj\u00e4rve, Harjumaa.<\/strong><\/p>\n<p style=\"text-align: left;\"><strong>Lapsehoiuteenuse saamiseks v\u00f5tke \u00fchendust:<\/strong><br \/>\n<a href=\"mailto:remet@crimeless.eu\">remet@crimeless.eu<\/a> v\u00f5i 5275731<\/p>\n<div align=\"center\">\n<hr align=\"center\" size=\"2\" width=\"75%\" \/>\n<\/div>\n<\/div>\n<\/div>\n","protected":false},"excerpt":{"rendered":"<p>Pakume lapsehoiuteenust tegevusloa alusel alates 1. veebruarist 2013. Meie lapsehoid asub Harjumaal, Harku vallas, Harkuj\u00e4rve k\u00fclas, Kiriku tee 2 asuvas majas (sissep\u00e4\u00e4s maja tagant), eraldatud ja looduskaunis kohas.\u00a0Laste p\u00e4ralt on kahel korrusel rumme ligi 200m2, kuhu kuuluvad m\u00e4ngutoad ja hubased &hellip; <a href=\"https:\/\/inglitiib.eu\/inglitiib\/\">Continue reading <span class=\"meta-nav\">&rarr;<\/span><\/a><\/p>\n","protected":false},"author":1,"featured_media":0,"parent":0,"menu_order":0,"comment_status":"closed","ping_status":"open","template":"sidebar-page.php","meta":[],"_links":{"self":[{"href":"https:\/\/inglitiib.eu\/inglitiib\/wp-json\/wp\/v2\/pages\/2"}],"collection":[{"href":"https:\/\/inglitiib.eu\/inglitiib\/wp-json\/wp\/v2\/pages"}],"about":[{"href":"https:\/\/inglitiib.eu\/inglitiib\/wp-json\/wp\/v2\/types\/page"}],"author":[{"embeddable":true,"href":"https:\/\/inglitiib.eu\/inglitiib\/wp-json\/wp\/v2\/users\/1"}],"replies":[{"embeddable":true,"href":"https:\/\/inglitiib.eu\/inglitiib\/wp-json\/wp\/v2\/comments?post=2"}],"version-history":[{"count":6,"href":"https:\/\/inglitiib.eu\/inglitiib\/wp-json\/wp\/v2\/pages\/2\/revisions"}],"predecessor-version":[{"id":624,"href":"https:\/\/inglitiib.eu\/inglitiib\/wp-json\/wp\/v2\/pages\/2\/revisions\/624"}],"wp:attachment":[{"href":"https:\/\/inglitiib.eu\/inglitiib\/wp-json\/wp\/v2\/media?parent=2"}],"curies":[{"name":"wp","href":"https:\/\/api.w.org\/{rel}","templated":true}]}}