{"id":397,"date":"2016-01-11T21:37:59","date_gmt":"2016-01-11T19:37:59","guid":{"rendered":"http:\/\/inglitiib.eu\/inglitiib\/?page_id=397"},"modified":"2016-09-22T21:56:20","modified_gmt":"2016-09-22T19:56:20","slug":"jaanuar","status":"publish","type":"page","link":"https:\/\/inglitiib.eu\/inglitiib\/kuukava\/jaanuar\/","title":{"rendered":"Jaanuar"},"content":{"rendered":"<p><strong>Head uut aastat! Talv ja talver\u00f5\u00f5mud<br \/>\n<\/strong>Kuulame talvelaule ja m\u00e4ngime liikumism\u00e4nge. Kleebime paberile lumehangesid. Meenutame aastavahetuse ilutulestikku ja maalime seda. \u00d5pime sinist ja kollast v\u00e4rvi ja vaatame, mis me neid kokku segades saame (rohelise). R\u00e4\u00e4gime kolmekuningap\u00e4evast ja meisterdame kroone. Vaatleme pilte talvistest tegevustest.<\/p>\n<p>&nbsp;<\/p>\n<p><strong>Talvine ilm ja talveriietus<br \/>\n<\/strong>R\u00e4\u00e4gime, kuidas talvel riietume ja talvisest ilmast. Loeme juttu: \u201eTaavi talvesaapad\u201d (E. Niit) ning teisi jutte ja luuletusi, mis r\u00e4\u00e4givad talveilmast ja riietusest. Kleebime kampsunile mustrit ja kordame geomeetrilisi kujundeid. R\u00e4\u00e4gime nuudip\u00e4evast (13. jaanuar) ja taliharjap\u00e4evast (14. jaanuar) ja t\u00f5nisep\u00e4evast. (17. jaanuar) 1,5 -3 aastased maalivad lumesadu. 4-6 aastased lumehelvest. Kuulame talvelaule ja m\u00e4ngime liikumism\u00e4nge.<\/p>\n<p>&nbsp;<\/p>\n<p><strong>Talvine mets ja metsloomad talvel<br \/>\n<\/strong>R\u00e4\u00e4gime, kes magavad metsloomadest talveund, kes ei maga? (Kordame). Kuidas muutub metsloomade kasukas talvel? Kuidas saame metsloomi talvel aidata? Vaatleme, millised on j\u00e4nese, metskitse, p\u00f5dra ja hundi j\u00e4ljed ning tr\u00fckime neid paberile. Vaatleme, milline on talvine mets. Voolime lumise puu. Kuulame talvelaule ja m\u00e4ngime liikumism\u00e4nge.<\/p>\n<p>&nbsp;<\/p>\n<p><strong>Linnud talvel<br \/>\n<\/strong>R\u00e4\u00e4gime: leevikesest, tihasest ja teistest lindudest, kes meil talvel on, lindude kehaosadest ja sellest, kuidas saame talvel linde aidata? Kuulame lindude laule ja laule lindudest talvel ning m\u00e4ngime liikumism\u00e4nge. Voolime teri lindudele. Loeme juttu \u201eAnu ja Sipsik vaatavad tihaseid\u201d (Eno Raud). \u00d5pime m\u00f5isteid: \u00fcleval, all, peal ja k\u00f5rval.<\/p>\n","protected":false},"excerpt":{"rendered":"<p>Head uut aastat! Talv ja talver\u00f5\u00f5mud Kuulame talvelaule ja m\u00e4ngime liikumism\u00e4nge. Kleebime paberile lumehangesid. Meenutame aastavahetuse ilutulestikku ja maalime seda. \u00d5pime sinist ja kollast v\u00e4rvi ja vaatame, mis me neid kokku segades saame (rohelise). R\u00e4\u00e4gime kolmekuningap\u00e4evast ja meisterdame kroone. Vaatleme &hellip; <a href=\"https:\/\/inglitiib.eu\/inglitiib\/kuukava\/jaanuar\/\">Continue reading <span class=\"meta-nav\">&rarr;<\/span><\/a><\/p>\n","protected":false},"author":1,"featured_media":0,"parent":400,"menu_order":1,"comment_status":"closed","ping_status":"closed","template":"sidebar-page.php","meta":[],"_links":{"self":[{"href":"https:\/\/inglitiib.eu\/inglitiib\/wp-json\/wp\/v2\/pages\/397"}],"collection":[{"href":"https:\/\/inglitiib.eu\/inglitiib\/wp-json\/wp\/v2\/pages"}],"about":[{"href":"https:\/\/inglitiib.eu\/inglitiib\/wp-json\/wp\/v2\/types\/page"}],"author":[{"embeddable":true,"href":"https:\/\/inglitiib.eu\/inglitiib\/wp-json\/wp\/v2\/users\/1"}],"replies":[{"embeddable":true,"href":"https:\/\/inglitiib.eu\/inglitiib\/wp-json\/wp\/v2\/comments?post=397"}],"version-history":[{"count":0,"href":"https:\/\/inglitiib.eu\/inglitiib\/wp-json\/wp\/v2\/pages\/397\/revisions"}],"up":[{"embeddable":true,"href":"https:\/\/inglitiib.eu\/inglitiib\/wp-json\/wp\/v2\/pages\/400"}],"wp:attachment":[{"href":"https:\/\/inglitiib.eu\/inglitiib\/wp-json\/wp\/v2\/media?parent=397"}],"curies":[{"name":"wp","href":"https:\/\/api.w.org\/{rel}","templated":true}]}}